 j - 0*j - 2. Let c(z) be the second derivative of z**4/6 - z**3/2 + z**2/2 - 6*z. Calculate c(j).
3
Let s(p) = 5*p - 1 + 12 - 9 + p**2. Let a be s(-5). Suppose a*i = -0*i - 8. Let z(y) = -3*y - 5. Calculate z(i).
7
Let g(s) be the first derivative of s**3/3 - s**2/2 + 7*s + 2. Let c(t) = t + 13. Let w be c(-10). Suppose -w*p = -p. What is g(p)?
7
Let n(r) = -r**2 - 2. Let s be ((-9)/(-2))/(1/2). Let d = s - 7. Calculate n(d).
-6
Let l(w) = 2*w - 14. Let d(c) = c - 9. Let o(x) = -8*d(x) + 5*l(x). Let f be o(-4). Let v(s) = -s - 4. What is v(f)?
2
Let y(m) = -4*m**2 + 16. Let n(g) = 5*g**2 - g - 18. Let q(l) = -5*n(l) - 6*y(l). What is q(4)?
-2
Suppose -3*m - 13 = -31. Let z(y) = y**3 + 4*y - 3. Let r(j) = j**3 - j**2 + 3*j - 2. Let v(f) = 6*r(f) - 5*z(f). Determine v(m).
-9
Let g(p) = 3*p**2 + 2*p + 1. Let o(n) = 7*n**2 + 5*n + 1. Let v(x) = 5*g(x) - 2*o(x). Suppose -5*i + 6 = 3*a, 7 = 2*i + 2*a + 3. Calculate v(i).
3
Let v(i) = -4*i - 3*i**2 + 2 + 4*i**2 + 2*i - 1. Calculate v(2).
1
Let j(c) = 2*c**2 + c - 1. Let o(q) = q**2 + q - 11. Let k be o(3). Give j(k).
2
Let t(s) = -s**2 + 9*s - 3. Let l be (96/10)/(3/(-10)). Let g be ((-9)/(-12))/((-4)/l). What is t(g)?
15
Let z(i) be the third derivative of i**5/30 - i**4/8 + i**3/2 - 16*i**2. Give z(3).
12
Let j(w) = 3*w**2. Let u be j(1). Let y(s) = s**3 - 2*s**2 - 4*s + 1. Give y(u).
-2
Let h(j) = 11*j - 137 + 137. Calculate h(-1).
-11
Let m(p) be the first derivative of 9*p**4/4 + p**3/3 + p**2/2 + 28. Determine m(-1).
-9
Let g(j) = j + 28*j**2 - 31*j**2 + 6*j - 3 - 4*j. Suppose 8 = 3*o + o. What is g(o)?
-9
Let s(a) = -11*a + 18. Let m(p) = -5*p + 9. Let r(f) = 13*m(f) - 6*s(f). What is r(-7)?
2
Let h(l) = -2*l - 31. Let a be h(-18). Let t(u) be the second derivative of -u**3/6 + u**2/2 - u. What is t(a)?
-4
Let s(r) = 5*r**3 - 17*r**2 + 9*r + 11. Let q = 15 - 12. Let k(g) = -2*g**3 + 8*g**2 - 4*g - 5. Let o(u) = q*s(u) + 7*k(u). What is o(-5)?
3
Let x(v) = 3*v - 6*v - 1 + 0*v + 2*v. Let j(o) = o**3 + 3*o**2 - 3*o + 2. Suppose 5*r + 5*g - 2*g = -14, -3*r = -4*g + 20. Let u be j(r). Determine x(u).
1
Let y be ((6 - 5)*2)/(-1). Let o(l) = l**3 + 2*l**2 - l - 1. Give o(y).
1
Let t(m) = -2*m**2 - 1 + 0*m**3 - m + 3*m - m**3 - m. Let w(v) = -v**2 - 4*v - 2. Let i be w(-4). Determine t(i).
-3
Let f(j) = j**2 - 2*j + 1. Suppose 0 = -4*r + 10 + 2. Suppose 2*d = -2*d + 8. Suppose -d = -r*y + 4. Give f(y).
1
Let p = -10 - -14. Let w(b) = 4*b - 4. Give w(p).
12
Suppose -17 = -5*f - 2. Let h(r) = -2*r + 1. What is h(f)?
-5
Let c(r) = -3*r + 6. Let z(m) = 2*m - 6. Let i(y) = -4*c(y) - 5*z(y). What is i(-5)?
-4
Let z(n) = -36*n - 2*n**3 - 4 + 3 + 35*n - 11*n**3. Let x = -2 - -1. Calculate z(x).
13
Let c = -4 - -6. Let j(g) = -g**2 + g**c + 8 + g**2 - 6*g - 5. Give j(3).
-6
Let f(k) = 5*k**3 + 4*k**2 + 15*k + 11. Let w(o) = 3*o**3 + 2*o**2 + 8*o + 6. Let c(n) = -6*f(n) + 11*w(n). Calculate c(2).
12
Let t be 3 + 33/(-12) + 3/(-12). Let a(y) be the second derivative of -3*y - 1/12*y**4 + t*y**3 + 0 + 0*y**2. What is a(3)?
-9
Let a(g) = g**2 + 2*g - 4. Let n(l) = l**2 - 5*l - 14. Let m be n(7). Suppose m*i + i = -3. Determine a(i).
-1
Suppose 10*x - 13*x + 9 = 0. Let o(a) = -a + a**2 - 4*a**2 + 4*a**2 - 4. Give o(x).
2
Let n = 4 + 2. Suppose a + a = n. Suppose -2*g + 7 + 3 = -3*u, -8 = -g + a*u. Let m(r) = -r**3 + 4*r**2 - 3*r + 2. Give m(g).
4
Let z(t) = 2*t**3 + 2*t**2 - 1. Let w be (-25)/15 - (-2)/3. Determine z(w).
-1
Let i(s) = -s**3 + 3*s**2 + 5*s - 1. Let k = -16 - -20. Give i(k).
3
Suppose 7*z = 8*z + 3. Let f(q) = -q - 1. What is f(z)?
2
Let w(o) = -3*o**2 - 2*o - 2. Let p(i) = 10*i**2 + 5*i + 5. Let g(d) = 2*p(d) + 7*w(d). What is g(-4)?
-4
Suppose -18*n = -22*n + 16. Let o(x) be the third derivative of 0 + 0*x + 2/3*x**3 + 1/24*x**n - x**2. Calculate o(-5).
-1
Let m be (11 + -1)*3/(-6). Let b(t) be the first derivative of t**2 + 4*t + 3. What is b(m)?
-6
Let s(y) be the third derivative of y**4/6 - y**3/3 - 4*y**2. Let v(m) = -7*m + 4. Let u(i) = 5*s(i) + 3*v(i). Determine u(6).
-4
Let l(m) = -m**2 + 5*m - 3. Suppose -8 = -2*u + 4. Calculate l(u).
-9
Let c(r) = -r + 15 + 0 - 9 - 5. Determine c(-7).
8
Suppose 12 = 2*s - z + 5*z, 4*s - 5*z = -15. Let q(i) = -i**2 - i + 4. Let a be q(s). Let w(b) = a*b**2 + b**3 + 3*b + 2*b**2 - 4 + 5 + 0. What is w(-5)?
11
Let p(t) = -3 - t + 2*t + 4*t**2 - 3*t**2. Let w(d) = -d**2 + 2*d - 2*d + 4*d - 3. Let f be w(3). Determine p(f).
-3
Let o(p) be the first derivative of 3*p**2/2 + p - 27. Let s(b) = b**2 - 3*b + 3. Suppose 5*v + 1 = y + 9, 4*v = -y + 10. Let w be s(v). Calculate o(w).
4
Let p(z) = 4*z**3 + 4*z**2 - 9*z - 6. Let q(f) = f**3 - f - 1. Let r(i) = p(i) - 3*q(i). Calculate r(-5).
2
Let d be 1*((-2 - 0) + -3). Let m(q) = q**2 + 6*q + 2. Give m(d).
-3
Let d(m) = 1 - 2 - 3*m + 4 - 2. Give d(-1).
4
Let w(c) = 4*c**3 + c**2 + 8*c + 12. Let p(r) = 3*r**3 + 8*r + 11. Let u(q) = -5*p(q) + 4*w(q). What is u(-5)?
8
Let c be (1/(-2))/((-4)/40). Suppose -3*h - c*f = 13, -3*f - 11 = 4*h - 3*h. Let d(n) = -9 + 1 - h*n + 7 + n**2. Calculate d(4).
-1
Let k(h) = -4 - 5 + 109*h**2 - 110*h**2 - 9*h. Determine k(-8).
-1
Let z(j) = -j**2 - 5*j. Let p be z(-6). Let q(c) = c**3 + 6*c**2 + 4. Give q(p).
4
Let v(l) = 2*l**3 + 1. Let r be v(1). Let i(o) = -o**r + o - 2 - 2*o**3 + 4 - 3*o**2 + 2*o**3. What is i(-2)?
-4
Let k(y) = -3*y + 15*y - 4*y + 4 - 6*y. Determine k(7).
18
Let l(q) = -q - 2 - 2*q + q + 3*q. Give l(-6).
-8
Let t(g) = 3*g - 5. Let i = 44 - 38. Calculate t(i).
13
Let p(b) = b - 7. Let n(q) = q - 4. Let y(k) = -7*n(k) + 4*p(k). Suppose r = -r + 4. Let v be r + -7 - (-6 + 3). Determine y(v).
6
Let w = -32 - -25. Let l(s) = s + 2. Give l(w).
-5
Suppose 5*x - x - 24 = 0. Let w(m) be the third derivative of -m**6/120 + m**5/12 + 5*m**4/24 + m**3 - 120*m**2. What is w(x)?
0
Let u(n) be the first derivative of 2*n**2 - 6*n + 12. What is u(6)?
18
Let u(f) = f**2 - 2*f - 6. Let l(j) = -j**3 + 3*j**2 + 5*j + 1. Let g(k) = -k**2 + 5*k + 10. Let a be g(6). Let z be l(a). Determine u(z).
9
Let l(m) = -m**2 + 2. Suppose 30 = -3*q + 5*b - 20, 5*q + b + 74 = 0. Let u = q - -17. What is l(u)?
-2
Let w(m) = 3*m + 1. Let k(u) = u**3 + 7*u**2 + 8*u + 9. Let p be k(-6). Determine w(p).
-8
Let p(t) = -5*t - 44. Let w(i) = i + 11. Let c(b) = 2*p(b) + 9*w(b). Give c(11).
0
Let y(n) = n**3 + 5*n**2 - 4*n - 8. Let c be y(-6). Let i be c*(4/(-10))/(-1). Let f(k) = -k**3 - 7*k**2 + 7*k - 2. Determine f(i).
6
Suppose 5*i = 3*l + 32, 4*i + 4 = -l - 4*l. Let p be (6/(-8))/((-10)/40). Let d = i - p. Let o(z) = z**2. What is o(d)?
1
Let a = -6 + 9. Let i(z) be the third derivative of -1/3*z**3 - 1/60*z**5 + 0*z + 0 - 3*z**2 + 5/24*z**4. Calculate i(a).
4
Let m(n) = -4*n**2 + n + n**2 - 21 + 23 + 3*n**3 - 5*n**3. Calculate m(2).
-24
Let j(b) = -5*b + 10. Let a(w) = -9*w + 19. Let y(m) = -3*a(m) + 5*j(m). Give y(6).
5
Suppose 41 = -5*t + 2*x, 0*t - 3*x - 26 = 5*t. Let w(h) = 2*h + 9. What is w(t)?
-5
Let q = -64 + 70. Let p(t) = 11*t**3 - 5*t**2 + 21*t. Let c(o) = 5*o**3 - 3*o**2 + 10*o. Let a(b) = 9*c(b) - 4*p(b). Determine a(q).
0
Let b be (-1 + (1 - -1))*-1. Let v be b*(1 + -1 + 0). Let i be 3 + v + (5 - 6). Let p(y) = 4*y. Determine p(i).
8
Let i(k) = -k**2 + 5*k - 3. Let s be i(4). Let p = s - 1. Let a(r) be the third derivative of -r**5/60 + r**4/24 - 2*r**3/3 - 39*r**2. What is a(p)?
-4
Let d = 1/8 + 11/8. Let c(k) be the first derivative of 4*k - d*k**2 + 3. Give c(4).
-8
Let s(g) be the third derivative of g**7/5040 + g**6/90 + g**5/10 - 6*g**2. Let r(j) be the third derivative of s(j). Determine r(-6).
2
Let m = 6 - 10. Let r(q) = -4*q**2 + 2*q + 10. Let d(j) = j**2 - j - 3. Let w(z) = -10*d(z) - 3*r(z). Determine w(m).
16
Let f(h) = 22*h**2 - 7*h - 10. Let b(u) = 7*u**2 - 2*u - 3. Let w(d) = -7*b(d) + 2*f(d). Determine w(1).
-4
Let k(s) = s**2 - 5*s - 1. Let l(m) = -m**2 + 5*m. Let p(f) = -6*k(f) - 5*l(f). Give p(6).
0
Let u be (4/(-18))/(4/(-18)). Let a(i) = i. What is a(u)?
1
Let y be 0 - (2 + -2) - -1. Let r be 2/(-1) + y*-1. Let i(g) = -2*g**2 + 2*g - 6. Let m(h) = -h**2 - 1. Let d(l) = -i(l) + 3*m(l). Give d(r).
0
Let y(o) be the first derivative of -o**3/3 - o**2/2 + 4*o + 18. Calculate y(3).
-8
Let l be 40/(-15)*6/(-8). Suppose l*n + 3*n = 5. Let v(g) = -3*g**3 - 3 - 4 + 6. De